{"id":13334,"date":"2020-03-08T02:46:31","date_gmt":"2020-03-08T02:46:31","guid":{"rendered":"https:\/\/essentials.pixfort.com\/startup\/?page_id=2"},"modified":"2022-08-23T21:36:30","modified_gmt":"2022-08-23T21:36:30","slug":"estrutura","status":"publish","type":"page","link":"https:\/\/familiari.agmonk.info\/index.php\/estrutura\/","title":{"rendered":"Estrutura"},"content":{"rendered":"<p>[vc_section full_width=&#8221;stretch_row&#8221; pix_over_visibility=&#8221;&#8221; css=&#8221;.vc_custom_1661290588770{padding-top: 0px !important;padding-bottom: 80px !important;background-color: #ffffff !important;}&#8221;][vc_row full_width=&#8221;stretch_row&#8221; pix_particles_check=&#8221;&#8221; css=&#8221;.vc_custom_1645735321773{padding-bottom: 20px !important;}&#8221;][vc_column]<div class=\"pix-el-text slide-in-container2 w-100   vc_custom_1645734684538\" ><div class=\"d-inline-block\" style=\"max-width:600px;\"><p class=\"text-18 m-0 text-heading-default  font-weight-bold secondary-font\" ><span class=\"animate-in d-inline-block\" data-anim-delay=\"200\" data-anim-type=\"fade-in-up\">Conhe\u00e7a nossa estrutura:<\/span><\/p><\/div><\/div><div  class=\"pix-heading-el text-left \"><div><div class=\"slide-in-container\"><h1 class=\"text-gradient-primary font-weight-bold heading-text el-title_custom_color mb-12\" style=\"\" data-anim-type=\"\" data-anim-delay=\"0\">Excel\u00eancia em odontologia<\/h1><\/div><\/div><\/div><div class=\"pix-el-text slide-in-container2 w-100   vc_custom_1645734737188\" ><div class=\"d-inline-block\" style=\"max-width:800px;\"><p class=\"text-20  text-body-default  \" >Preparada para qualquer situa\u00e7\u00e3o odontol\u00f3gica levando \u00e0s pessoas que procuram seguran\u00e7a, conforto e acolhimento, um atendimento que tem o cuidado ao ser humano como o ponto focal principal, por isso nossa equipe e estrutura \u00e9 preparada para esta experi\u00eancia.<\/p><\/div><\/div>[\/vc_column][\/vc_row][vc_row pix_particles_check=&#8221;&#8221;][vc_column]<div class=\"d-inline-block \" ><div class=\"pix-img-el  vc_custom_1645735685003   text-left d-inline-block  w-100 rounded-0\"  ><img loading=\"lazy\" decoding=\"async\" class=\"card-img2 pix-img-elem rounded-0  h-1002\" style=\"height:auto;\" width=\"1280\" height=\"720\" srcset=\"https:\/\/familiari.agmonk.info\/wp-content\/uploads\/2022\/02\/bc1835ee-b891-49f1-932b-e06c8dc5ae1c.jpg 1280w, https:\/\/familiari.agmonk.info\/wp-content\/uploads\/2022\/02\/bc1835ee-b891-49f1-932b-e06c8dc5ae1c-300x169.jpg 300w, https:\/\/familiari.agmonk.info\/wp-content\/uploads\/2022\/02\/bc1835ee-b891-49f1-932b-e06c8dc5ae1c-1024x576.jpg 1024w, https:\/\/familiari.agmonk.info\/wp-content\/uploads\/2022\/02\/bc1835ee-b891-49f1-932b-e06c8dc5ae1c-768x432.jpg 768w\" sizes=\"auto, (max-width: 1280px) 100vw, 1280px\" src=\"https:\/\/familiari.agmonk.info\/wp-content\/uploads\/2022\/02\/bc1835ee-b891-49f1-932b-e06c8dc5ae1c.jpg\" alt=\"\" \/><\/div><\/div>[\/vc_column][\/vc_row][vc_row full_width=&#8221;stretch_row&#8221; pix_particles_check=&#8221;&#8221; responsive_css=&#8221;{&#8220;pix_res_sm_mt&#8220;:&#8220;-20&#8220;,&#8220;pix_res_md_mt&#8220;:&#8220;-20&#8220;}&#8221;][vc_column]<div class=\"pix-lightbox\"><div class=\"pix_masonry  pix-3-columns\" style=\"width:100%\"><div class=\"grid-sizer\"><\/div><div class=\"gutter-sizer\"><\/div><div class=\" grid-item pix-mb-20 \"><a class=\"card pix-lightbox-item pix-hover-item  rounded-lg\" data-fancybox=\"gallery\" data-caption=\"\" href=\"https:\/\/familiari.agmonk.info\/wp-content\/uploads\/2022\/02\/ae756cda-656b-48c8-b20b-0c9867f4e394.jpg\"><img decoding=\"async\" class=\"card-img  rounded-lg pix-gallery-item pix-gallery-sm\" src=\"https:\/\/familiari.agmonk.info\/wp-content\/uploads\/2022\/02\/ae756cda-656b-48c8-b20b-0c9867f4e394.jpg\" alt=\"\" \/><div class=\"card-img-overlay d-flex align-items-end pix-p-10\"><\/div><\/a><\/div><div class=\" grid-item pix-mb-20 \"><a class=\"card pix-lightbox-item pix-hover-item  rounded-lg\" data-fancybox=\"gallery\" data-caption=\"\" href=\"https:\/\/familiari.agmonk.info\/wp-content\/uploads\/2022\/02\/82897178-0494-4a44-9131-cbded745c0f1.jpg\"><img decoding=\"async\" class=\"card-img  rounded-lg pix-gallery-item pix-gallery-sm\" src=\"https:\/\/familiari.agmonk.info\/wp-content\/uploads\/2022\/02\/82897178-0494-4a44-9131-cbded745c0f1.jpg\" alt=\"\" \/><div class=\"card-img-overlay d-flex align-items-end pix-p-10\"><\/div><\/a><\/div><div class=\" grid-item pix-mb-20 \"><a class=\"card pix-hover-item  rounded-lg\" href=\"https:\/\/1.envato.market\/Essentials\" target=\"_blank\" title=\"\" rel=\"\"><img decoding=\"async\" class=\"card-img  rounded-lg pix-gallery-item pix-gallery-lg\" src=\"https:\/\/familiari.agmonk.info\/wp-content\/uploads\/2022\/02\/2a5462f0-262d-4680-8f6e-fed5be694421.jpg\" alt=\"\" \/><div class=\"card-img-overlay d-flex align-items-end pix-p-10\"><\/div><\/a><\/div><div class=\" grid-item grid-item--width2 pix-mb-20 \"><a class=\"card pix-lightbox-item pix-hover-item  rounded-lg\" data-fancybox=\"gallery\" data-caption=\"\" href=\"https:\/\/familiari.agmonk.info\/wp-content\/uploads\/2022\/02\/59025205-faa8-44da-8f28-7e8a37a2de29.jpg\"><img decoding=\"async\" class=\"card-img  rounded-lg pix-gallery-item pix-gallery-sm\" src=\"https:\/\/familiari.agmonk.info\/wp-content\/uploads\/2022\/02\/59025205-faa8-44da-8f28-7e8a37a2de29.jpg\" alt=\"\" \/><div class=\"card-img-overlay d-flex align-items-end pix-p-10\"><\/div><\/a><\/div><\/div><\/div>[\/vc_column][\/vc_row][vc_row pix_particles_check=&#8221;&#8221;][vc_column]<div class=\"d-inline-block \" ><div class=\"pix-img-el  vc_custom_1645811321756   text-left d-inline-block  w-100 rounded-0\"  ><img loading=\"lazy\" decoding=\"async\" class=\"card-img2 pix-img-elem rounded-0  h-1002\" style=\"height:auto;\" width=\"1280\" height=\"718\" srcset=\"https:\/\/familiari.agmonk.info\/wp-content\/uploads\/2022\/02\/82897178-0494-4a44-9131-cbded745c0f1.jpg 1280w, https:\/\/familiari.agmonk.info\/wp-content\/uploads\/2022\/02\/82897178-0494-4a44-9131-cbded745c0f1-300x168.jpg 300w, https:\/\/familiari.agmonk.info\/wp-content\/uploads\/2022\/02\/82897178-0494-4a44-9131-cbded745c0f1-1024x574.jpg 1024w, https:\/\/familiari.agmonk.info\/wp-content\/uploads\/2022\/02\/82897178-0494-4a44-9131-cbded745c0f1-768x431.jpg 768w\" sizes=\"auto, (max-width: 1280px) 100vw, 1280px\" src=\"https:\/\/familiari.agmonk.info\/wp-content\/uploads\/2022\/02\/82897178-0494-4a44-9131-cbded745c0f1.jpg\" alt=\"\" \/><\/div><\/div>[\/vc_column][\/vc_row][vc_row full_width=&#8221;stretch_row&#8221; pix_particles_check=&#8221;&#8221; responsive_css=&#8221;{&#8220;pix_res_sm_mt&#8220;:&#8220;-20&#8220;,&#8220;pix_res_md_mt&#8220;:&#8220;-20&#8220;}&#8221;][vc_column]<div class=\"pix-lightbox\"><div class=\"pix_masonry  pix-3-columns\" style=\"width:100%\"><div class=\"grid-sizer\"><\/div><div class=\"gutter-sizer\"><\/div><div class=\" grid-item pix-mb-20 \"><a class=\"card pix-lightbox-item pix-hover-item  rounded-lg\" data-fancybox=\"gallery\" data-caption=\"\" href=\"https:\/\/familiari.agmonk.info\/wp-content\/uploads\/2022\/02\/24dc9a9b-0184-4c55-9d35-acb4841515dd.jpg\"><img decoding=\"async\" class=\"card-img  rounded-lg pix-gallery-item pix-gallery-sm\" src=\"https:\/\/familiari.agmonk.info\/wp-content\/uploads\/2022\/02\/24dc9a9b-0184-4c55-9d35-acb4841515dd.jpg\" alt=\"\" \/><div class=\"card-img-overlay d-flex align-items-end pix-p-10\"><\/div><\/a><\/div><div class=\" grid-item pix-mb-20 \"><a class=\"card pix-lightbox-item pix-hover-item  rounded-lg\" data-fancybox=\"gallery\" data-caption=\"\" href=\"https:\/\/familiari.agmonk.info\/wp-content\/uploads\/2022\/02\/e795909d-0fce-40c4-a6a3-cf8331b2ec47.jpg\"><img decoding=\"async\" class=\"card-img  rounded-lg pix-gallery-item pix-gallery-sm\" src=\"https:\/\/familiari.agmonk.info\/wp-content\/uploads\/2022\/02\/e795909d-0fce-40c4-a6a3-cf8331b2ec47.jpg\" alt=\"\" \/><div class=\"card-img-overlay d-flex align-items-end pix-p-10\"><\/div><\/a><\/div><div class=\" grid-item pix-mb-20 \"><a class=\"card pix-hover-item  rounded-lg\" href=\"https:\/\/1.envato.market\/Essentials\" target=\"_blank\" title=\"\" rel=\"\"><img decoding=\"async\" class=\"card-img  rounded-lg pix-gallery-item pix-gallery-lg\" src=\"https:\/\/familiari.agmonk.info\/wp-content\/uploads\/2022\/02\/812d0a17-fb99-4cbf-83d2-b39c92d67bca.jpg\" alt=\"\" \/><div class=\"card-img-overlay d-flex align-items-end pix-p-10\"><\/div><\/a><\/div><div class=\" grid-item grid-item--width2 pix-mb-20 \"><a class=\"card pix-lightbox-item pix-hover-item  rounded-lg\" data-fancybox=\"gallery\" data-caption=\"\" href=\"https:\/\/familiari.agmonk.info\/wp-content\/uploads\/2022\/02\/82897178-0494-4a44-9131-cbded745c0f1.jpg\"><img decoding=\"async\" class=\"card-img  rounded-lg pix-gallery-item pix-gallery-sm\" src=\"https:\/\/familiari.agmonk.info\/wp-content\/uploads\/2022\/02\/82897178-0494-4a44-9131-cbded745c0f1.jpg\" alt=\"\" \/><div class=\"card-img-overlay d-flex align-items-end pix-p-10\"><\/div><\/a><\/div><\/div><\/div>[\/vc_column][\/vc_row][\/vc_section]<\/p>\n","protected":false},"excerpt":{"rendered":"[vc_section full_width=&#8221;stretch_row&#8221; pix_over_visibility=&#8221;&#8221; css=&#8221;.vc_custom_1661290588770{padding-top: 0px !important;padding-bottom: 80px !important;background-color: #ffffff !important;}&#8221;][vc_row full_width=&#8221;stretch_row&#8221; pix_particles_check=&#8221;&#8221; css=&#8221;.vc_custom_1645735321773{padding-bottom: 20px !important;}&#8221;][vc_column][\/vc_column][\/vc_row][vc_row pix_particles_check=&#8221;&#8221;][vc_column][\/vc_column][\/vc_row][vc_row full_width=&#8221;stretch_row&#8221; pix_particles_check=&#8221;&#8221; responsive_css=&#8221;{&#8220;pix_res_sm_mt&#8220;:&#8220;-20&#8220;,&#8220;pix_res_md_mt&#8220;:&#8220;-20&#8220;}&#8221;][vc_column][\/vc_column][\/vc_row][vc_row pix_particles_check=&#8221;&#8221;][vc_column][\/vc_column][\/vc_row][vc_row full_width=&#8221;stretch_row&#8221; pix_particles_check=&#8221;&#8221; responsive_css=&#8221;{&#8220;pix_res_sm_mt&#8220;:&#8220;-20&#8220;,&#8220;pix_res_md_mt&#8220;:&#8220;-20&#8220;}&#8221;][vc_column][\/vc_column][\/vc_row][\/vc_section]","protected":false},"author":1,"featured_media":0,"parent":0,"menu_order":0,"comment_status":"closed","ping_status":"open","template":"","meta":{"footnotes":""},"class_list":["post-13334","page","type-page","status-publish","hentry"],"_links":{"self":[{"href":"https:\/\/familiari.agmonk.info\/index.php\/wp-json\/wp\/v2\/pages\/13334","targetHints":{"allow":["GET"]}}],"collection":[{"href":"https:\/\/familiari.agmonk.info\/index.php\/wp-json\/wp\/v2\/pages"}],"about":[{"href":"https:\/\/familiari.agmonk.info\/index.php\/wp-json\/wp\/v2\/types\/page"}],"author":[{"embeddable":true,"href":"https:\/\/familiari.agmonk.info\/index.php\/wp-json\/wp\/v2\/users\/1"}],"replies":[{"embeddable":true,"href":"https:\/\/familiari.agmonk.info\/index.php\/wp-json\/wp\/v2\/comments?post=13334"}],"version-history":[{"count":12,"href":"https:\/\/familiari.agmonk.info\/index.php\/wp-json\/wp\/v2\/pages\/13334\/revisions"}],"predecessor-version":[{"id":13576,"href":"https:\/\/familiari.agmonk.info\/index.php\/wp-json\/wp\/v2\/pages\/13334\/revisions\/13576"}],"wp:attachment":[{"href":"https:\/\/familiari.agmonk.info\/index.php\/wp-json\/wp\/v2\/media?parent=13334"}],"curies":[{"name":"wp","href":"https:\/\/api.w.org\/{rel}","templated":true}]}}